{"id":1167,"date":"2019-05-08T20:21:47","date_gmt":"2019-05-08T18:21:47","guid":{"rendered":"https:\/\/parcelledevie.fr\/producteur\/?page_id=1167"},"modified":"2019-12-21T14:32:22","modified_gmt":"2019-12-21T13:32:22","slug":"offres-de-stage","status":"publish","type":"page","link":"https:\/\/parcelledevie.fr\/producteur\/offres-de-stage\/","title":{"rendered":"Offres de Stage"},"content":{"rendered":"\n<p>Chaque semaine, Parcelle de Vie propose des stages de mara\u00eechage au sein de l&rsquo;exploitation. <\/p>\n\n\n\n<div class=\"wp-block-image\"><figure class=\"aligncenter is-resized\"><img loading=\"lazy\" src=\"https:\/\/parcelledevie.fr\/producteur\/wp-content\/uploads\/2019\/05\/stage.jpg\" alt=\"\" class=\"wp-image-1179\" width=\"480\" height=\"288\" srcset=\"https:\/\/parcelledevie.fr\/producteur\/wp-content\/uploads\/2019\/05\/stage.jpg 640w, https:\/\/parcelledevie.fr\/producteur\/wp-content\/uploads\/2019\/05\/stage-300x180.jpg 300w\" sizes=\"(max-width: 480px) 100vw, 480px\" \/><\/figure><\/div>\n\n\n\n<p><strong>Profil<\/strong><br>Vous \u00eates id\u00e9alement en formation agricole CAP, BEP, BTS.Ou tout simplement en d\u00e9couverte du monde agricole pour une reconversion.<\/p>\n\n\n\n<p><strong>Comp\u00e9tences requises<\/strong><br>Personne assidue, volontaire et appliqu\u00e9e, qui aime la nature. <\/p>\n\n\n\n<p><strong>La Mission<\/strong><br>Se sensibiliser et\/ou se perfectionner avec le monde agricole, comprendre les probl\u00e9matiques du m\u00e9tier, acqu\u00e9rir de l&rsquo;exp\u00e9rience sur les t\u00e2ches principales et quotidiennes.<\/p>\n\n\n\n<p>T\u00e2ches principales: Planter, r\u00e9colter, tutorer, installation arrosage, paillage, semis, rempotage, etc&#8230;<\/p>\n\n\n\n<p><strong>Horaires<\/strong><br>Matin 9h00-12h00 \/ Apr\u00e8s-midi 14H00-18h00<\/p>\n\n\n\n<p><strong>Important: Convention de stage \u00e0 fournir par votre organisme de formation.<\/strong><\/p>\n\n\n\n<div class=\"wp-block-button aligncenter\"><a class=\"wp-block-button__link has-background has-luminous-vivid-orange-background-color\" href=\"https:\/\/parcelledevie.fr\/producteur\/infos-pratiques\/nous-contacter\/\">Proposer sa candidature<br><\/a><\/div>\n\n\n\n<figure class=\"wp-block-image\"><img loading=\"lazy\" width=\"640\" height=\"384\" src=\"https:\/\/parcelledevie.fr\/producteur\/wp-content\/uploads\/2019\/05\/stage.jpg\" alt=\"\" class=\"wp-image-1179\" srcset=\"https:\/\/parcelledevie.fr\/producteur\/wp-content\/uploads\/2019\/05\/stage.jpg 640w, https:\/\/parcelledevie.fr\/producteur\/wp-content\/uploads\/2019\/05\/stage-300x180.jpg 300w\" sizes=\"(max-width: 640px) 100vw, 640px\" \/><\/figure>\n","protected":false},"excerpt":{"rendered":"<p>Chaque semaine, Parcelle de Vie propose des stages de mara\u00eechage au sein de l&rsquo;exploitation. ProfilVous \u00eates id\u00e9alement en formation agricole CAP, BEP, BTS.Ou tout simplement en d\u00e9couverte du monde agricole pour une reconversion. Comp\u00e9tences requisesPersonne assidue, volontaire et appliqu\u00e9e, qui <a class=\"more-link\" href=\"https:\/\/parcelledevie.fr\/producteur\/offres-de-stage\/\">Continuer la lecture <span class=\"screen-reader-text\">  Offres de Stage<\/span><span class=\"meta-nav\">&rarr;<\/span><\/a><\/p>\n","protected":false},"author":1,"featured_media":0,"parent":0,"menu_order":0,"comment_status":"closed","ping_status":"closed","template":"","meta":[],"_links":{"self":[{"href":"https:\/\/parcelledevie.fr\/producteur\/wp-json\/wp\/v2\/pages\/1167"}],"collection":[{"href":"https:\/\/parcelledevie.fr\/producteur\/wp-json\/wp\/v2\/pages"}],"about":[{"href":"https:\/\/parcelledevie.fr\/producteur\/wp-json\/wp\/v2\/types\/page"}],"author":[{"embeddable":true,"href":"https:\/\/parcelledevie.fr\/producteur\/wp-json\/wp\/v2\/users\/1"}],"replies":[{"embeddable":true,"href":"https:\/\/parcelledevie.fr\/producteur\/wp-json\/wp\/v2\/comments?post=1167"}],"version-history":[{"count":13,"href":"https:\/\/parcelledevie.fr\/producteur\/wp-json\/wp\/v2\/pages\/1167\/revisions"}],"predecessor-version":[{"id":2123,"href":"https:\/\/parcelledevie.fr\/producteur\/wp-json\/wp\/v2\/pages\/1167\/revisions\/2123"}],"wp:attachment":[{"href":"https:\/\/parcelledevie.fr\/producteur\/wp-json\/wp\/v2\/media?parent=1167"}],"curies":[{"name":"wp","href":"https:\/\/api.w.org\/{rel}","templated":true}]}}

<p>Chaque semaine, Parcelle de Vie propose des stages de maraîchage au sein de l&rsquo;exploitation. </p>



<div class="wp-block-image"><figure class="aligncenter is-resized"><img loading="lazy" src="https://parcelledevie.fr/producteur/wp-content/uploads/2019/05/stage.jpg" alt="" class="wp-image-1179" width="480" height="288" srcset="https://parcelledevie.fr/producteur/wp-content/uploads/2019/05/stage.jpg 640w, https://parcelledevie.fr/producteur/wp-content/uploads/2019/05/stage-300x180.jpg 300w" sizes="(max-width: 480px) 100vw, 480px" /></figure></div>



<p><strong>Profil</strong><br>Vous êtes idéalement en formation agricole CAP, BEP, BTS.Ou tout simplement en découverte du monde agricole pour une reconversion.</p>



<p><strong>Compétences requises</strong><br>Personne assidue, volontaire et appliquée, qui aime la nature. </p>



<p><strong>La Mission</strong><br>Se sensibiliser et/ou se perfectionner avec le monde agricole, comprendre les problématiques du métier, acquérir de l&rsquo;expérience sur les tâches principales et quotidiennes.</p>



<p>Tâches principales: Planter, récolter, tutorer, installation arrosage, paillage, semis, rempotage, etc&#8230;</p>



<p><strong>Horaires</strong><br>Matin 9h00-12h00 / Après-midi 14H00-18h00</p>



<p><strong>Important: Convention de stage à fournir par votre organisme de formation.</strong></p>



<div class="wp-block-button aligncenter"><a class="wp-block-button__link has-background has-luminous-vivid-orange-background-color" href="https://parcelledevie.fr/producteur/infos-pratiques/nous-contacter/">Proposer sa candidature<br></a></div>



<figure class="wp-block-image"><img loading="lazy" width="640" height="384" src="https://parcelledevie.fr/producteur/wp-content/uploads/2019/05/stage.jpg" alt="" class="wp-image-1179" srcset="https://parcelledevie.fr/producteur/wp-content/uploads/2019/05/stage.jpg 640w, https://parcelledevie.fr/producteur/wp-content/uploads/2019/05/stage-300x180.jpg 300w" sizes="(max-width: 640px) 100vw, 640px" /></figure>

<p>Chaque semaine, Parcelle de Vie propose des stages de maraîchage au sein de l&rsquo;exploitation. ProfilVous êtes idéalement en formation agricole CAP, BEP, BTS.Ou tout simplement en découverte du monde agricole pour une reconversion. Compétences requisesPersonne assidue, volontaire et appliquée, qui <a class="more-link" href="https://parcelledevie.fr/producteur/offres-de-stage/">Continuer la lecture <span class="screen-reader-text">  Offres de Stage</span><span class="meta-nav">&rarr;</span></a></p>
