{"id":265,"date":"2018-01-12T00:05:26","date_gmt":"2018-01-11T23:05:26","guid":{"rendered":"http:\/\/parcelledevie.fr\/site\/?page_id=265"},"modified":"2019-11-05T10:46:21","modified_gmt":"2019-11-05T09:46:21","slug":"les-aromates","status":"publish","type":"page","link":"https:\/\/parcelledevie.fr\/producteur\/epicerie\/les-aromates\/","title":{"rendered":"Les Aromates"},"content":{"rendered":"<p>Un coin du potager sera sp\u00e9cialement d\u00e9di\u00e9 pour les plantes aromatiques d\u00e8s la belle saison.<img loading=\"lazy\" class=\"alignnone wp-image-271 size-full\" src=\"http:\/\/parcelledevie.fr\/producteur\/wp-content\/uploads\/2018\/01\/aromates2.jpg\" alt=\"\" width=\"868\" height=\"280\" srcset=\"https:\/\/parcelledevie.fr\/producteur\/wp-content\/uploads\/2018\/01\/aromates2.jpg 868w, https:\/\/parcelledevie.fr\/producteur\/wp-content\/uploads\/2018\/01\/aromates2-300x97.jpg 300w, https:\/\/parcelledevie.fr\/producteur\/wp-content\/uploads\/2018\/01\/aromates2-768x248.jpg 768w\" sizes=\"(max-width: 868px) 100vw, 868px\" \/>On y retrouvera thym, persil, menthe, sauge, ciboulette, oseille, coriandre, aneth, origan et bien d&rsquo;autres encore!<\/p>\n<p>&nbsp;<\/p>\n","protected":false},"excerpt":{"rendered":"<p>Un coin du potager sera sp\u00e9cialement d\u00e9di\u00e9 pour les plantes aromatiques d\u00e8s la belle saison.On y retrouvera thym, persil, menthe, sauge, ciboulette, oseille, coriandre, aneth, origan et bien d&rsquo;autres encore! &nbsp;<\/p>\n","protected":false},"author":1,"featured_media":0,"parent":258,"menu_order":0,"comment_status":"closed","ping_status":"closed","template":"","meta":[],"_links":{"self":[{"href":"https:\/\/parcelledevie.fr\/producteur\/wp-json\/wp\/v2\/pages\/265"}],"collection":[{"href":"https:\/\/parcelledevie.fr\/producteur\/wp-json\/wp\/v2\/pages"}],"about":[{"href":"https:\/\/parcelledevie.fr\/producteur\/wp-json\/wp\/v2\/types\/page"}],"author":[{"embeddable":true,"href":"https:\/\/parcelledevie.fr\/producteur\/wp-json\/wp\/v2\/users\/1"}],"replies":[{"embeddable":true,"href":"https:\/\/parcelledevie.fr\/producteur\/wp-json\/wp\/v2\/comments?post=265"}],"version-history":[{"count":1,"href":"https:\/\/parcelledevie.fr\/producteur\/wp-json\/wp\/v2\/pages\/265\/revisions"}],"predecessor-version":[{"id":1767,"href":"https:\/\/parcelledevie.fr\/producteur\/wp-json\/wp\/v2\/pages\/265\/revisions\/1767"}],"up":[{"embeddable":true,"href":"https:\/\/parcelledevie.fr\/producteur\/wp-json\/wp\/v2\/pages\/258"}],"wp:attachment":[{"href":"https:\/\/parcelledevie.fr\/producteur\/wp-json\/wp\/v2\/media?parent=265"}],"curies":[{"name":"wp","href":"https:\/\/api.w.org\/{rel}","templated":true}]}}