{"id":542,"date":"2018-06-22T08:18:50","date_gmt":"2018-06-22T06:18:50","guid":{"rendered":"http:\/\/parcelledevie.fr\/producteur\/?page_id=542"},"modified":"2023-07-30T12:01:17","modified_gmt":"2023-07-30T10:01:17","slug":"les-horaires-douvertures","status":"publish","type":"page","link":"https:\/\/parcelledevie.fr\/producteur\/infos-pratiques\/les-horaires-douvertures\/","title":{"rendered":"Les Horaires d&rsquo;Ouvertures"},"content":{"rendered":" --> Panier sur <a href=\"\/producteur\/le-panier-de-saison\/\">r\u00e9servation<\/a> toute l'ann\u00e9e <br><span class=\"middel_grey\">Les Jours de Paniers: <strong>Mardi - Jeudi - <\/strong><\/span><br><br>\n\n\n\n<p>Prochaine vente au stand<\/p>\n\n\n\n<p>Samedi 5 et dimanche 6 ao\u00fbt, le matin de 10h \u00e0 12h30.<br><\/p>\n\n\n\n<h3>Paiements accept\u00e9s <\/h3>\n\n\n\n<p>Esp\u00e8ce \ud83d\udcb5, ch\u00e8que, ou carte bancaire \ud83d\udcb3 <\/p>\n","protected":false},"excerpt":{"rendered":"<p>Prochaine vente au stand Samedi 5 et dimanche 6 ao\u00fbt, le matin de 10h \u00e0 12h30. Paiements accept\u00e9s Esp\u00e8ce \ud83d\udcb5, ch\u00e8que, ou carte bancaire \ud83d\udcb3<\/p>\n","protected":false},"author":1,"featured_media":0,"parent":1741,"menu_order":0,"comment_status":"closed","ping_status":"closed","template":"","meta":[],"_links":{"self":[{"href":"https:\/\/parcelledevie.fr\/producteur\/wp-json\/wp\/v2\/pages\/542"}],"collection":[{"href":"https:\/\/parcelledevie.fr\/producteur\/wp-json\/wp\/v2\/pages"}],"about":[{"href":"https:\/\/parcelledevie.fr\/producteur\/wp-json\/wp\/v2\/types\/page"}],"author":[{"embeddable":true,"href":"https:\/\/parcelledevie.fr\/producteur\/wp-json\/wp\/v2\/users\/1"}],"replies":[{"embeddable":true,"href":"https:\/\/parcelledevie.fr\/producteur\/wp-json\/wp\/v2\/comments?post=542"}],"version-history":[{"count":59,"href":"https:\/\/parcelledevie.fr\/producteur\/wp-json\/wp\/v2\/pages\/542\/revisions"}],"predecessor-version":[{"id":2986,"href":"https:\/\/parcelledevie.fr\/producteur\/wp-json\/wp\/v2\/pages\/542\/revisions\/2986"}],"up":[{"embeddable":true,"href":"https:\/\/parcelledevie.fr\/producteur\/wp-json\/wp\/v2\/pages\/1741"}],"wp:attachment":[{"href":"https:\/\/parcelledevie.fr\/producteur\/wp-json\/wp\/v2\/media?parent=542"}],"curies":[{"name":"wp","href":"https:\/\/api.w.org\/{rel}","templated":true}]}}