{"id":7,"date":"2018-01-09T14:07:29","date_gmt":"2018-01-09T13:07:29","guid":{"rendered":"http:\/\/parcelledevie.fr\/site\/?page_id=7"},"modified":"2022-03-10T09:14:21","modified_gmt":"2022-03-10T08:14:21","slug":"ou-nous-trouver","status":"publish","type":"page","link":"https:\/\/parcelledevie.fr\/producteur\/infos-pratiques\/ou-nous-trouver\/","title":{"rendered":"O\u00f9 nous trouver?"},"content":{"rendered":"<h3>Le Point de Vente<\/h3>\n<p>L&rsquo;exploitation se situe au 1050 route de Faveyrolles, 83190 Ollioules. L&rsquo;exploitation agricole se situe aux portes de Toulon, \u00e0 2 minutes de la sortie 14 Ch\u00e2teauvallon de l&rsquo;autoroute A50.<\/p>\n<p><iframe loading=\"lazy\" style=\"border: 0;\" src=\"https:\/\/www.google.com\/maps\/embed?pb=!1m18!1m12!1m3!1d2911.4328563614804!2d5.866673115231921!3d43.13743897914229!2m3!1f0!2f0!3f0!3m2!1i1024!2i768!4f13.1!3m3!1m2!1s0x12c904e310585a4b%3A0x5b35ef9423341138!2sParcelle+de+Vie!5e0!3m2!1sfr!2sfr!4v1524030344920\" width=\"600\" height=\"450\" frameborder=\"0\" allowfullscreen=\"allowfullscreen\"><span style=\"display: inline-block; width: 0px; overflow: hidden; line-height: 0;\" data-mce-type=\"bookmark\" class=\"mce_SELRES_start\">\ufeff<\/span><\/iframe><\/p>\n<h3>Le Stand en bordure de champ (Juin \u00e0 Octobre)<\/h3>\n<p>Le stand sera ouvert d\u00e8s l&rsquo;arriv\u00e9e des beaux jours. C&rsquo;est l\u00e0, en bordure de champ,\u00a0 que se passent les ventes au d\u00e9tail o\u00f9 je pr\u00e9sente l&rsquo;\u00e9talage de fruits et l\u00e9gumes de saison.<br \/>La fr\u00e9quence des ventes au stand suit l&rsquo;intensit\u00e9 de la production, donc les <a href=\"https:\/\/parcelledevie.fr\/producteur\/infos-pratiques\/les-horaires-douvertures\/\">horaires de vente<\/a> seront pr\u00e9cis\u00e9es mois par mois sur le site.<br \/>Vous pouvez aussi vous abonner \u00e0 <a href=\"https:\/\/www.facebook.com\/producteurOllioules\/\">la page Facebook de Parcelle de Vie<\/a> pour \u00eatre tenu au courant..<\/p>\n<figure id=\"attachment_22\" aria-describedby=\"caption-attachment-22\" style=\"width: 525px\" class=\"wp-caption aligncenter\"><img loading=\"lazy\" class=\"wp-image-22 size-large\" src=\"http:\/\/parcelledevie.fr\/producteur\/wp-content\/uploads\/2018\/01\/Vente-au-Stand-1024x576.jpg\" alt=\"\" width=\"525\" height=\"295\" srcset=\"https:\/\/parcelledevie.fr\/producteur\/wp-content\/uploads\/2018\/01\/Vente-au-Stand-1024x576.jpg 1024w, https:\/\/parcelledevie.fr\/producteur\/wp-content\/uploads\/2018\/01\/Vente-au-Stand-300x169.jpg 300w, https:\/\/parcelledevie.fr\/producteur\/wp-content\/uploads\/2018\/01\/Vente-au-Stand-768x432.jpg 768w\" sizes=\"(max-width: 525px) 100vw, 525px\" \/><figcaption id=\"caption-attachment-22\" class=\"wp-caption-text\">Situ\u00e9 en bordure de champ, le stand s&rsquo;appuie sur le muret o\u00f9 passe la route de Faveyrolles.<\/figcaption><\/figure>\n<h3>O\u00f9 r\u00e9cup\u00e9rer sa commande de panier de saison (toute l&rsquo;ann\u00e9e)<\/h3>\n<p>Prenez le chemin priv\u00e9 \u00e0 cot\u00e9 du stand en bois de &lsquo;Parcelle de Vie&rsquo;, \u00e0 la sortie du sous-bois, se garer au parking visiteur sur votre gauche. A la patte d&rsquo;oie, prenez <strong>\u00e0 pied<\/strong> le chemin de gauche (suivre le panneau &lsquo;Parcelle de Vie&rsquo;).<br \/>Vous arriverez sur la maison aux volets verts, c&rsquo;est l\u00e0! \ud83d\ude42<\/p>\n\n\n<p><a href=\"https:\/\/parcelledevie.fr\/producteur\/infos-pratiques\/les-horaires-douvertures\/\">Les horaires de vente<\/a><\/p>\n","protected":false},"excerpt":{"rendered":"<p>Le Point de Vente L&rsquo;exploitation se situe au 1050 route de Faveyrolles, 83190 Ollioules. L&rsquo;exploitation agricole se situe aux portes de Toulon, \u00e0 2 minutes de la sortie 14 Ch\u00e2teauvallon de l&rsquo;autoroute A50. \ufeff Le Stand en bordure de champ <a class=\"more-link\" href=\"https:\/\/parcelledevie.fr\/producteur\/infos-pratiques\/ou-nous-trouver\/\">Continuer la lecture <span class=\"screen-reader-text\">  O\u00f9 nous trouver?<\/span><span class=\"meta-nav\">&rarr;<\/span><\/a><\/p>\n","protected":false},"author":1,"featured_media":0,"parent":1741,"menu_order":0,"comment_status":"closed","ping_status":"closed","template":"","meta":[],"_links":{"self":[{"href":"https:\/\/parcelledevie.fr\/producteur\/wp-json\/wp\/v2\/pages\/7"}],"collection":[{"href":"https:\/\/parcelledevie.fr\/producteur\/wp-json\/wp\/v2\/pages"}],"about":[{"href":"https:\/\/parcelledevie.fr\/producteur\/wp-json\/wp\/v2\/types\/page"}],"author":[{"embeddable":true,"href":"https:\/\/parcelledevie.fr\/producteur\/wp-json\/wp\/v2\/users\/1"}],"replies":[{"embeddable":true,"href":"https:\/\/parcelledevie.fr\/producteur\/wp-json\/wp\/v2\/comments?post=7"}],"version-history":[{"count":23,"href":"https:\/\/parcelledevie.fr\/producteur\/wp-json\/wp\/v2\/pages\/7\/revisions"}],"predecessor-version":[{"id":2956,"href":"https:\/\/parcelledevie.fr\/producteur\/wp-json\/wp\/v2\/pages\/7\/revisions\/2956"}],"up":[{"embeddable":true,"href":"https:\/\/parcelledevie.fr\/producteur\/wp-json\/wp\/v2\/pages\/1741"}],"wp:attachment":[{"href":"https:\/\/parcelledevie.fr\/producteur\/wp-json\/wp\/v2\/media?parent=7"}],"curies":[{"name":"wp","href":"https:\/\/api.w.org\/{rel}","templated":true}]}}