{"id":978,"date":"2019-03-16T15:29:54","date_gmt":"2019-03-16T14:29:54","guid":{"rendered":"https:\/\/parcelledevie.fr\/producteur\/?page_id=978"},"modified":"2019-07-29T14:02:36","modified_gmt":"2019-07-29T12:02:36","slug":"paniers-anti-gaspi","status":"publish","type":"page","link":"https:\/\/parcelledevie.fr\/producteur\/le-panier-de-saison\/paniers-anti-gaspi\/","title":{"rendered":"Paniers anti-gaspi"},"content":{"rendered":"\n<p>Parcelle de Vie vous propose des paniers &lsquo;<strong>Anti-gaspi<\/strong>&lsquo; avec les fruits et l\u00e9gumes invendus de sa production. <\/p>\n\n\n\n<figure class=\"wp-block-image\"><img loading=\"lazy\" width=\"448\" height=\"447\" src=\"https:\/\/parcelledevie.fr\/producteur\/wp-content\/uploads\/2019\/03\/anti-gaspi.jpg\" alt=\"\" class=\"wp-image-1007\" srcset=\"https:\/\/parcelledevie.fr\/producteur\/wp-content\/uploads\/2019\/03\/anti-gaspi.jpg 448w, https:\/\/parcelledevie.fr\/producteur\/wp-content\/uploads\/2019\/03\/anti-gaspi-150x150.jpg 150w, https:\/\/parcelledevie.fr\/producteur\/wp-content\/uploads\/2019\/03\/anti-gaspi-300x300.jpg 300w, https:\/\/parcelledevie.fr\/producteur\/wp-content\/uploads\/2019\/03\/anti-gaspi-400x400.jpg 400w\" sizes=\"(max-width: 448px) 100vw, 448px\" \/><figcaption>La solution Anti-gaspi commence par vous!<\/figcaption><\/figure>\n\n\n\n<p>Sensible de la bonne sant\u00e9 de son environnement, la lutte <strong>anti-gaspi<\/strong> est essentielle afin de r\u00e9duire l&rsquo;impact environnemental li\u00e9 \u00e0 la production mara\u00eech\u00e8re.<\/p>\n\n\n\n<p>Pour cela, des paniers &lsquo;anti-gaspi&rsquo; \u00e0 <strong>prix r\u00e9duits<\/strong> vous sont propos\u00e9s en ligne sur r\u00e9servation. Il peut y en avoir toute l&rsquo;ann\u00e9e, mais c&rsquo;est surtout <strong>l&rsquo;\u00e9t\u00e9<\/strong> (juin \u00e0 septembre) o\u00f9 la production potag\u00e8re b\u00e2t son plein qu&rsquo;il y en aura r\u00e9guli\u00e8rement.<\/p>\n\n\n<div class=\"wp-block-button aligncenter\"><a class=\"wp-block-button__link has-background has-vivid-red-background-color\">Pas de gaspi actuellement<br><\/a><\/div><a href=\"https:\/\/parcelledevie.fr\/producteur\/le-panier-de-saison\/paniers-anti-gaspi\/\"><img class=\"wp-image-602 aligncenter\" src=\"https:\/\/parcelledevie.fr\/producteur\/wp-content\/uploads\/2019\/03\/anti-gaspi-logo.jpg\" alt=\"Le Panier Anti-Gaspi\" width=\"195\" height=\"195\" \/><\/a>\n\n\n<div id=\"form_notification\">\r\n    <form action=\"\/producteur\/notification\" id=\"contact\" method=\"POST\">\r\n\t\t<div>\r\n            <!--<label for=\"email\"><strong>Etre averti si un panier 'Anti-gaspi' est dispo<\/strong> <\/label>\r\n            <br \/><input id=\"email\" name=\"email\" type=\"email\" required placeholder=\"votre_email@toto.com\">\r\n\t\t\t<input id=\"notif_type\" name=\"notif_type\" type=\"text\" hidden value=\"2\">\r\n            <span id=\"msg_email\"><\/span>\r\n\t\t\t<input style=\"background-color:#99cc00;\" align=\"center\" type=\"submit\" value=\"Valider\" \/>-->\r\n        <\/div>\r\n    <\/form>\r\n    <span id=\"msg_all\"><\/span> \r\n\t<div id=\"validation panier\">\r\n\t\t\t\t<\/div\/>\r\n<\/div>\n\n\n\n<p> <\/p>\n\n\n\n<h2>Fonctionnement<\/h2>\n\n\n\n<p style=\"background-color:#99cc00\" class=\"has-background\"><em>Les 3 points importants \u00e0 retenir \ud83d\ude09<\/em><\/p>\n\n\n\n<ul><li> La disponibilit\u00e9 des paniers anti-gaspi sera <strong>mise \u00e0 jour en ligne<\/strong> principalement en d\u00e9but d&rsquo;apr\u00e8s-midi, mais potentiellement \u00e0 tout moment de la journ\u00e9e.<\/li><li>Le panier anti-gaspi est \u00e0 retirer le jour m\u00eame o\u00f9 le lendemain de la r\u00e9servation sur le <strong>cr\u00e9neau horaire de son choix<\/strong> chez le producteur, ou au stand directement (voir <a href=\"https:\/\/parcelledevie.fr\/producteur\/nous-contacter\/les-horaires-douvertures\/\" target=\"_blank\" rel=\"noreferrer noopener\" aria-label=\"horaires d'ouverture (s\u2019ouvre dans un nouvel onglet)\">horaires d&rsquo;ouverture<\/a>) .<\/li><li><strong>Paiement <\/strong>sur place.<\/li><\/ul>\n\n\n\n<p style=\"background-color:#99cc00\" class=\"has-background\"><em>Comment savoir si il y a des paniers anti-gaspi disponibles ?<\/em><\/p>\n\n\n\n<ul><li>Sur cette page<\/li><li>Dans l&rsquo;encadr\u00e9 Panier anti gaspi de la colonne de droite) <\/li><li>Par notification e-mail en vous inscrivant !<\/li><\/ul>\n\n\n\n<div class=\"gdgallery-gallery-container\" id=\"gdgallery-container-3\" data-id=\"3\">\n    \n<div id=\"gdgallery_container_3\" style=\"display:none;\" data-view=\"justified\">\n            <a href=\"\" target=\"_blank\">\n            <img alt=\"Aucun panier disponible\"\n                 data-type=\"image\"\n                 src=\"https:\/\/parcelledevie.fr\/producteur\/wp-content\/uploads\/2019\/04\/mise-a-jour-panier-anti-gaspi.jpg\"\n                 data-image=\"https:\/\/parcelledevie.fr\/producteur\/wp-content\/uploads\/2019\/04\/mise-a-jour-panier-anti-gaspi.jpg\"\n                 data-description=\"\"\n                                 style=\"display:block\">\n        <\/a>\n            <a href=\"\" target=\"_blank\">\n            <img alt=\"Il y a 3 paniers disponibles\"\n                 data-type=\"image\"\n                 src=\"https:\/\/parcelledevie.fr\/producteur\/wp-content\/uploads\/2019\/04\/mise-a-jour-panier-anti-gaspi-2.jpg\"\n                 data-image=\"https:\/\/parcelledevie.fr\/producteur\/wp-content\/uploads\/2019\/04\/mise-a-jour-panier-anti-gaspi-2.jpg\"\n                 data-description=\"\"\n                                 style=\"display:block\">\n        <\/a>\n    <\/div>\n\n\n\n<script type=\"text\/javascript\">\n\n\n    (function() {\n        var runMyCode = function() {\n            jQuery(document).ready(function () {\n                var container = jQuery(\"#gdgallery_container_3\");\n                container.unitegallery({\"gallery_theme\":\"justified\",\"tiles_type\":\"justified\",\"tiles_justified_space_between\":10,\"tile_enable_textpanel\":true,\"tile_textpanel_always_on\":true,\"tile_textpanel_title_text_align\":\"center\",\"tile_textpanel_title_font_size\":\"16\",\"tile_textpanel_title_color\":\"#FFFFFF\",\"tile_textpanel_bg_color\":\"#333333\",\"tile_textpanel_bg_opacity\":0.7,\"tile_enable_border\":true,\"tile_border_width\":\"0\",\"tile_border_color\":\"#333333\",\"tile_border_radius\":\"0\",\"tile_enable_overlay\":true,\"tile_enable_image_effect\":true,\"tile_image_effect_type\":\"blur\",\"tile_image_effect_reverse\":true,\"tile_enable_shadow\":false,\"tile_as_link\":false,\"tile_enable_icons\":true,\"tile_show_link_icon\":true,\"tile_textpanel_appear_type\":\"slide\",\"tile_textpanel_position\":\"inside_bottom\",\"tile_link_newpage\":true,\"lightbox_type\":\"wide\",\"lightbox_arrows_offset\":0,\"lightbox_overlay_color\":\"#000000\",\"lightbox_overlay_opacity\":1,\"lightbox_top_panel_opacity\":1,\"lightbox_show_numbers\":true,\"lightbox_numbers_size\":\"15\",\"lightbox_numbers_color\":\"#FFFFFF\",\"lightbox_slider_image_border_width\":\"0\",\"lightbox_slider_image_border_color\":\"#FFFFFF\",\"lightbox_slider_image_border_radius\":0,\"lightbox_slider_image_shadow\":true,\"lightbox_slider_control_swipe\":true,\"lightbox_slider_control_zoom\":true,\"lightbox_slider_image_border\":true,\"lightbox_show_textpanel\":true,\"lightbox_textpanel_enable_title\":true,\"lightbox_textpanel_enable_description\":false,\"lightbox_textpanel_padding_top\":5,\"lightbox_textpanel_padding_bottom\":5,\"lightbox_textpanel_padding_right\":5,\"lightbox_textpanel_padding_left\":5,\"lightbox_textpanel_title_color\":\"#FFFFFF\",\"lightbox_textpanel_title_text_align\":\"center\",\"lightbox_textpanel_title_font_size\":\"16\",\"lightbox_textpanel_desc_color\":\"#FFFFFF\",\"lightbox_textpanel_desc_text_align\":\"center\",\"lightbox_textpanel_desc_font_size\":\"14\"});\n            });\n        };\n        var timer = function() {\n            if (window.jQuery) {runMyCode(window.jQuery);}\n            else {window.setTimeout(timer, 100);}\n        };\n        timer();\n    })();\n<\/script><style>\n#gdgallery-container-3 {\n   text-align: center}\n\n.gdgallery-pagination-3{\ntext-align: center !important;\n}\n\n.gdgallery-pagination-3 a{\n    font-size: 15px !important;\n    padding: 8px 13px !important;\n    margin: 3px !important;\n    border: 1px solid #333333 !important;\n    border-radius: 0px !important;\n    color: #333333 !important;\n    background-color: #FFFFFF !important;\n    font-family: monospace !important;\n}\n\n.gdgallery-pagination-3 a:hover, .gdgallery-pagination-3 a.gdgallery-pagination-icon-active{\n    color: #FFFFFF !important;\n    background-color: #333333 !important;\n    border-color: #333333 !important;\n}\n\n#gdgallery-container-3 .gdgallery_load_more_space{\n    margin-top: 20px !important;\n    text-align: center !important;\n}\n\n#gdgallery-container-3 .gdgallery_load_more_space button{\n                      padding: 8px 13px !important;\n    font-size: 15px !important;\n    background-color: #333333 !important;\n    color: #FFFFFF !important;\n    border:1px solid #333333 !important;\n                      border-radius: 0px !important;\n                      font-family: monospace !important;\n                  }\n#gdgallery-container-3 .gdgallery_load_more_space button:hover{\n                      background-color: #FFFFFF !important;\n                      color: #333333 !important;\n                      border-color: #333333 !important;\n                  }\n\n#gdgallery-container-3 .gdgallery_load_more_space button,\n#gdgallery-container-3 .gdgallery_load_more_space button:hover,\n#gdgallery-container-3 .gdgallery_load_more_space button:active,\n#gdgallery-container-3 .gdgallery_load_more_space button:focus{\n    outline: none !important;\n}\n\n\n#gdgallery-container-3 .gdgallery_loading li{\n                      border: 3px solid #333333 !important;\n                  }\n\n.ug-lightbox .ug-lightbox-top-panel-overlay{\n    background-color: #000000 !important;\n}\n\n\n                  #gdgallery_container_3{}\n<\/style>\n\n\n\n<\/div>\n\n\n\n\n\n\n\n\n\n<div style=\"height:34px\" aria-hidden=\"true\" class=\"wp-block-spacer\"><\/div>\n\n\n<div class=\"wp-block-button aligncenter\"><a class=\"wp-block-button__link has-background has-vivid-red-background-color\">Pas de gaspi actuellement<br><\/a><\/div><a href=\"https:\/\/parcelledevie.fr\/producteur\/le-panier-de-saison\/paniers-anti-gaspi\/\"><img class=\"wp-image-602 aligncenter\" src=\"https:\/\/parcelledevie.fr\/producteur\/wp-content\/uploads\/2019\/03\/anti-gaspi-logo.jpg\" alt=\"Le Panier Anti-Gaspi\" width=\"195\" height=\"195\" \/><\/a>\n\n\n<div id=\"form_notification\">\r\n    <form action=\"\/producteur\/notification\" id=\"contact\" method=\"POST\">\r\n\t\t<div>\r\n            <!--<label for=\"email\"><strong>Etre averti si un panier 'Anti-gaspi' est dispo<\/strong> <\/label>\r\n            <br \/><input id=\"email\" name=\"email\" type=\"email\" required placeholder=\"votre_email@toto.com\">\r\n\t\t\t<input id=\"notif_type\" name=\"notif_type\" type=\"text\" hidden value=\"2\">\r\n            <span id=\"msg_email\"><\/span>\r\n\t\t\t<input style=\"background-color:#99cc00;\" align=\"center\" type=\"submit\" value=\"Valider\" \/>-->\r\n        <\/div>\r\n    <\/form>\r\n    <span id=\"msg_all\"><\/span> \r\n\t<div id=\"validation panier\">\r\n\t\t\t\t<\/div\/>\r\n<\/div>\n","protected":false},"excerpt":{"rendered":"<p>Parcelle de Vie vous propose des paniers &lsquo;Anti-gaspi&lsquo; avec les fruits et l\u00e9gumes invendus de sa production. Sensible de la bonne sant\u00e9 de son environnement, la lutte anti-gaspi est essentielle afin de r\u00e9duire l&rsquo;impact environnemental li\u00e9 \u00e0 la production mara\u00eech\u00e8re. <a class=\"more-link\" href=\"https:\/\/parcelledevie.fr\/producteur\/le-panier-de-saison\/paniers-anti-gaspi\/\">Continuer la lecture <span class=\"screen-reader-text\">  Paniers anti-gaspi<\/span><span class=\"meta-nav\">&rarr;<\/span><\/a><\/p>\n","protected":false},"author":1,"featured_media":0,"parent":5,"menu_order":0,"comment_status":"closed","ping_status":"closed","template":"","meta":[],"_links":{"self":[{"href":"https:\/\/parcelledevie.fr\/producteur\/wp-json\/wp\/v2\/pages\/978"}],"collection":[{"href":"https:\/\/parcelledevie.fr\/producteur\/wp-json\/wp\/v2\/pages"}],"about":[{"href":"https:\/\/parcelledevie.fr\/producteur\/wp-json\/wp\/v2\/types\/page"}],"author":[{"embeddable":true,"href":"https:\/\/parcelledevie.fr\/producteur\/wp-json\/wp\/v2\/users\/1"}],"replies":[{"embeddable":true,"href":"https:\/\/parcelledevie.fr\/producteur\/wp-json\/wp\/v2\/comments?post=978"}],"version-history":[{"count":33,"href":"https:\/\/parcelledevie.fr\/producteur\/wp-json\/wp\/v2\/pages\/978\/revisions"}],"predecessor-version":[{"id":1433,"href":"https:\/\/parcelledevie.fr\/producteur\/wp-json\/wp\/v2\/pages\/978\/revisions\/1433"}],"up":[{"embeddable":true,"href":"https:\/\/parcelledevie.fr\/producteur\/wp-json\/wp\/v2\/pages\/5"}],"wp:attachment":[{"href":"https:\/\/parcelledevie.fr\/producteur\/wp-json\/wp\/v2\/media?parent=978"}],"curies":[{"name":"wp","href":"https:\/\/api.w.org\/{rel}","templated":true}]}}